5))/((-2)/20). List the prime factors of 0 - (-5)/(25/o).
2, 19
Suppose 5*c + 15 = 0, z - 2571 = -3*c + 667. What are the prime factors of z?
17, 191
Let s(y) = -20*y + 5. Let z = 12 - 14. List the prime factors of s(z).
3, 5
Let b(c) = 1477*c**2 - 4*c - 18. What are the prime factors of b(-2)?
2, 3, 983
Suppose 282*x + 85782 = 299*x. List the prime factors of x.
2, 3, 29
Let v = -26 - -29. Suppose -2*g = -k + 159, 0*g - v*g = -k + 162. What are the prime factors of k?
3, 17
Let t(d) = 5*d**2 - 7*d + 18. List the prime factors of t(4).
2, 5, 7
Let h = 20 + 89. Suppose 0 = l - 2*v - h, -2*v + 86 + 7 = l. Let i = l - 53. What are the prime factors of i?
2, 3
List the prime factors of (12/(-15))/((-4)/450).
2, 3, 5
Let d be (-9)/(-6) - 5/(-2). Let y = d - 4. Suppose y*l = -5*l + 110. List the prime factors of l.
2, 11
Let t = -693 - -695. Suppose -y - 988 = -4*g, 5*g - 1250 = -0*y + 5*y. Suppose 0 = 5*k - n - g, -t = -2*n - 4. What are the prime factors of k?
7
Let y(l) = 10*l + 3. Let f(d) = -32*d - 1. Let m be f(1). Let h be (-8)/6*m/22. What are the prime factors of y(h)?
23
Suppose -3*z + 4*h + 14 = 0, 5*h = -3 - 7. Let c(v) = -13*v + 9 + 2 - 4*v**3 + 5*v**3 + 9*v**z. What are the prime factors of c(-10)?
41
Suppose 4*o - 31 = -5*k - 0*o, 4*k + 3*o = 24. Suppose 8 + 0 = 2*m, -k*m - 36 = -q. List the prime factors of q.
2, 3
Suppose 0 = 2*q + 4 - 8. Let c(g) = 7*g + 6. What are the prime factors of c(q)?
2, 5
Suppose -2*u + f + 555 = 2*u, 0 = 3*u - 4*f - 413. Suppose 2*w - u - 57 = 0. List the prime factors of w.
2, 7
Let u be ((-11)/(-11))/(2/72). Suppose 0 = 10*a - 6*a - u. What are the prime factors of a?
3
Let z(l) = l**3 - 9*l**2 - 6*l - 38. Let s be z(10). Let b be 39*(2 + 0)/6. Suppose -b = -3*i + s*i. What are the prime factors of i?
13
Let p = 14 + -9. Suppose p*l + 3*n - 97 = -0*n, 4*n = 4*l - 84. Suppose -l = -u + 37. List the prime factors of u.
3, 19
Let k(o) = 38*o - 60. Let a = 54 + -45. List the prime factors of k(a).
2, 3, 47
Let y = -2350 + 3454. What are the prime factors of y?
2, 3, 23
Let j(g) = -4*g**2 - 90*g - 7. List the prime factors of j(-19).
7, 37
Let v(d) = -9*d + 4. Let h(a) be the third derivative of -a**6/120 + 2*a**5/15 + a**4/24 - 11*a**3/6 - 2*a**2. Let f be h(8). List the prime factors of v(f).
31
Let n = 23 - 54. Let v = -60 - n. Let g = 34 + v. List the prime factors of g.
5
Let o = 67 - 75. Let g(z) = z**2 + z + 12. List the prime factors of g(o).
2, 17
Suppose 4*l = 3*f - 18 + 6, 25 = 2*f + 3*l. Let v(t) be the third derivative of t**4/12 - 5*t**3/6 - 8*t**2. What are the prime factors of v(f)?
11
Let j(z) = 15*z**2 + 8*z - 20. List the prime factors of j(8).
2, 251
Let w(q) = 22*q**2 + 22*q - 74. List the prime factors of w(4).
2, 3, 61
Let r = 645 - 254. What are the prime factors of r?
17, 23
Let g(o) = -o**2 + 29*o + 12. Let z(d) = -25*d**3 + d**2 - d - 1. Let f be z(-1). What are the prime factors of g(f)?
2, 3, 5
Let h(v) = v - 2. Let d(g) = 5*g + 26. Let k(y) = d(y) - 6*h(y). What are the prime factors of k(9)?
29
Suppose 38 = -5*w + 3. Let z = 12 + w. Suppose 60 = z*j - 120. List the prime factors of j.
2, 3
Let i be (1 - 0 - -2) + -187. Let a = -79 - i. List the prime factors of a.
3, 5, 7
Let o be (2/(-3))/((-2)/3). Let a be 12/o*117/(-36). List the prime factors of 516/26 + (-6)/a.
2, 5
List the prime factors of ((-1294)/6)/(55/(-495)).
3, 647
Let z be 842/(-12) - 1/(-6). Let s = 15 - z. What are the prime factors of s?
5, 17
Suppose -4*g - g - 4*x = 0, -g = 5*x. Suppose g = -m + 4 + 35. What are the prime factors of m?
3, 13
List the prime factors of (3/(-6) + -4)*-90.
3, 5
Let a be (-6*(-3)/18)/(-1). Let f(s) = s**3 + s. Let r(d) = -11*d**3 - 5*d + 1. Let t(p) = 6*f(p) + r(p). What are the prime factors of t(a)?
5
Suppose 2*i + 0*i = 244. Suppose 4*m - 122 = i. What are the prime factors of m?
61
Suppose 211 = 3*q - 101. Suppose -3*s - s + q = 0. What are the prime factors of s?
2, 13
Let d(r) = 7*r - 1. Let t be d(3). Let o(v) = v**3 + 3*v**2 + 2. Let z be o(-3). What are the prime factors of t + 6/(-2) + z?
19
Let w(h) = h**3 + 2*h**2 - h. Let s be w(1). Suppose -a = s*c - 139, a + 77 = 2*c - 72. List the prime factors of c.
2, 3
Let k(q) = -q**2 - 21*q - 2. Let u be k(-16). Let v = u + -47. List the prime factors of v.
31
Let o(h) = 17*h - 20. Let k(p) = 4*p - 47. Let m be k(14). List the prime factors of o(m).
7, 19
Let b = 6307 - 4200. List the prime factors of b.
7, 43
Let w be (18/36)/((-1)/(-6)). Suppose -22 - 383 = -w*o. What are the prime factors of o?
3, 5
Suppose 0 = 4*l + 4*p - 1688, -3*l + 2*l = -3*p - 406. What are the prime factors of l?
2, 11, 19
Let r(s) = -31*s**3 - 19*s**2 - 2*s - 4. What are the prime factors of r(-3)?
2, 167
Suppose 4386 = -8*b + 12450. List the prime factors of b.
2, 3, 7
Let k = 142 + -207. Let o be (-4)/4 - (k + 0). Suppose -o + 178 = 3*m. What are the prime factors of m?
2, 19
Suppose 3*q + 4*i + 11 = 0, -4*q = 7*i - 5*i - 2. Let l(t) be the third derivative of 11*t**4/24 + 8*t**2. What are the prime factors of l(q)?
3, 11
List the prime factors of 18814/22 - (-40)/(-220).
3, 5, 19
Let q(y) = 17*y + 10. Let l(g) = -g**3 + 14*g**2 - 14*g + 17. Let k be l(13). List the prime factors of q(k).
2, 3, 13
Suppose -3 = -5*q + 4*q. Suppose q*n + 17 = -88. List the prime factors of 1 - (1*n + -2).
2, 19
Suppose 16*y - 68 = 20*y. Let u = 96 + y. List the prime factors of u.
79
Let m = 151 + 245. List the prime factors of m.
2, 3, 11
Let o = -7 - -7. Suppose -z + 3*r = -6*z, -5*r - 25 = o. Let f = 6 - z. List the prime factors of f.
3
Let u = -29 - -11. What are the prime factors of u/(-2 + -4)*92/3?
2, 23
Suppose 1558 - 356 = 2*c. What are the prime factors of c?
601
Let a be 0 - -1*(3 - 1). Let r be (-42)/(-35)*5 + -6. Suppose 0*l + a*l - 26 = r. List the prime factors of l.
13
Let w = -2631 + 3698. What are the prime factors of w?
11, 97
Suppose -5*r + 1578 + 1522 = 0. What are the prime factors of r?
2, 5, 31
Suppose 5*w = 2*j - 432, 2*j + w = -2*j + 820. Suppose -4*p = 2*b - j, -b + 2*p + 113 = -p. Let u = b - 51. List the prime factors of u.
2, 7
Suppose -5*x - w - 580 = 0, 4*x - 7*w + 2*w = -464. Let a = x - -169. List the prime factors of a.
53
Let h = -332 - -365. What are the prime factors of h?
3, 11
List the prime factors of (1122/255)/(1/455).
2, 7, 11, 13
Let r(p) = -16*p - 3. Let d(x) = -x**3 + 13*x**2 + 14*x - 2. Let g be d(14). Let h be r(g). Let j = h + -1. What are the prime factors of j?
2, 7
Suppose 0 = -5*o, 5*y + 2636 = -o + 12221. What are the prime factors of y?
3, 71
Suppose -4*q - 4*g = -312, -3*g - 333 = -7*q + 3*q. What are the prime factors of q?
3
Let r = -69 - -108. Suppose -791 = -4*c + 5*d - r, -4*c = 2*d - 752. What are the prime factors of c?
2, 47
Suppose 5*g + 46 = 186. Suppose -3*o + 59 = -g. Suppose o = 4*b + 5. What are the prime factors of b?
2, 3
Let c be 52/91 - 554/14. Let p = c - -57. What are the prime factors of p/12*148/6?
37
Suppose 0 = -8*c + 11*c - 213. Suppose 4*o = 3*h + 665, -5*h + c + 769 = 5*o. What are the prime factors of o?
167
What are the prime factors of (-4)/3*3 + (-12216)/(-24)?
5, 101
Suppose s + 8 = -9. Let p = s + 4. What are the prime factors of ((-4)/(-10))/(p/(-1495))?
2, 23
Let c(s) = -s**3 + 74*s**2 - 69*s - 17. List the prime factors of c(73).
5, 11
Suppose x - 4 = 0, -2*x - 14 = -2*z - 4*x. Let m = -19 - -75. Suppose -13 - m = -z*q. What are the prime factors of q?
23
Let f(k) = 14*k**2 + 12. Let w be f(-6). Suppose -3*j - w = -9*j. List the prime factors of j.
2, 43
Let p(u) = 16*u**2 + 2*u - 3. Let z be p(3). Suppose w + z = 2*o - 76, -o = -5*w - 134. What are the prime factors of o?
109
Suppose 5*s - 2*b - 1718 = 1441, -3*b - 637 = -s. List the prime factors of s.
631
Let l be (-2)/(-6) - (-77)/21. Suppose -l*n + 28 = 3*n. List the prime factors of n.
2
Suppose 7*g + 310 = 2*g. Let y = g - -30. Let l = -13 - y. What are the prime factors of l?
19
Let t(b) = 49*b + 251. What are the prime factors of t(13)?
2, 3, 37
Let a = -11 - -17. Let w = -25 - -30. Suppose -2*z + w*z = a. List the prime factors of z.
2
Suppose 3*i = 4*v - 11170, -2*i + 13974 = 16*v - 11*v. What are the prime factors of v?
2, 11, 127
Let v = -35 + 35. Suppose v*f - 4*f = -324. List the prime factors of f.
3
Let